{"id":558,"date":"2019-07-16T18:31:36","date_gmt":"2019-07-16T16:31:36","guid":{"rendered":"http:\/\/www.ski-kanu-reisen.de\/?page_id=558"},"modified":"2025-06-10T10:24:48","modified_gmt":"2025-06-10T08:24:48","slug":"touren-beschreibung","status":"publish","type":"page","link":"http:\/\/www.ski-kanu-reisen.de\/?page_id=558","title":{"rendered":"Kanu-Tagestouren: Flussinfo mit Termin"},"content":{"rendered":"<p>&nbsp;<\/p>\n<hr \/>\n<p><span style=\"color: #000000; font-size: 8pt;\"><span style=\"color: #ffffff;\">f<\/span><\/span><span style=\"color: #000000; font-size: 8pt;\"><span style=\"font-family: arial,helvetica,sans-serif; font-size: 12pt;\">Hinweis:\u00a0 \u00a0<strong>Termine zur Zeit auf Anfrage<\/strong><br \/>\n<a href=\"http:\/\/www.ski-kanu-reisen.de\/?page_id=25\">Link zur Termin\u00fcbersicht\u00a0<\/a>Tagestouren<\/span><br \/>\n<\/span><span style=\"color: #000000; font-size: 8pt;\"><span style=\"font-family: arial,helvetica,sans-serif; font-size: 12pt;\">\u00a0<\/span><\/span><span style=\"font-size: 12pt;\">(Fl\u00fcsse in alphabetische Reihenfolge)<\/span><\/p>\n<p><strong>Obere Alster\u00a0<\/strong>\u00a0 <span style=\"font-family: arial, helvetica, sans-serif; font-size: 14pt;\">\u00a0 Dschungeltour ab Wulksfelde<br \/>\ngem\u00fctliche Tour ab Duvenstedt<br \/>\n<\/span><span style=\"font-family: arial, helvetica, sans-serif; font-size: 14pt;\">\u00a0 \u00a0Dschungeltour ab Wulksfelde<br \/>\ngem\u00fctliche Tour ab Duvenstedt<br \/>\n<\/span>Wir fahren ca. 10 km auf dem\u00a0 schmalen und kurvenreichen\u00a0 Oberlauf der Alster von Duvenstedt bis zur Poppenb\u00fcttler Schleuse und die Abenteuertour (4 Km Dschungeltour mit B\u00e4umen im Wasser &#8211; Umtragen!! Ausstiegen und schieben, ) ab Wulksfelde, nach Duvenstedt immer mit der sachten Str\u00f6mung flussabw\u00e4rts durch kleine W\u00e4lder vorbei an Parks und Ufern mit Seilh\u00e4ngen.<br \/>\nAuf dieser Tour gibt es die M\u00f6glichkeit zu Grillen. Bringt bitte Fleisch, Wurst, Salate etc. mit. Wir sorgen f\u00fcr Grill und Kohle!<br \/>\nDiese Tour ist bei normalem Wasserstand f\u00fcr Anf\u00e4nger geeignet.<br \/>\nTreffpunkt 1: \u00a09.15 Uhr Parkplatz S-Bahnhof Pinneberg<br \/>\nTreffpunkt 2: 10.00 Uhr Poppenb\u00fcttler Schleuse, Parkplatz \u201eMarienhof\u201c\/ Saseler Damm.<br \/>\n<strong>Reise 61050: \u00a0 \u20ac 40<\/strong><br \/>\nBei Mitfahrt im VAN oder PKW ab Pinneberg \/Horst: \u20ac 50<\/p>\n<hr \/>\n<p><strong>D\u00e4mmert\u00f6rn mit Feuerwerk auf der Alster<\/strong><br \/>\n<span style=\"font-family: arial, helvetica, sans-serif; font-size: 14pt;\">Fr. &#8230;&#8230;&#8230;.. ( 2. Maih\u00e4lfte &#8211; Termin steht z.Zt. noch nicht fest &#8211; bitte bei uns anfragen)<\/span><\/p>\n<p>Feuerwerk beim Japanischen Kirschbl\u00fctenfest (Au\u00dfenalster)<br \/>\nDiese Kanutour in der D\u00e4mmerung wird ein \u00a0unvergessliche Erlebnisse bleiben.\u00a0Sie f\u00fchrt uns \u00fcber den Alsterlauf, den Alsterkan\u00e4len zur Au\u00dfenalster bzw. Binnenalster, wo wir das\u00a0Feuerwerk vom Kanu aus n\u00e4chster N\u00e4he genie\u00dfen werden. Die Tour wird gegen Mitternacht beendet sein.<br \/>\nDiese Tour ist bei normalem Wasserstand f\u00fcr Anf\u00e4nger geeignet.<br \/>\nTreffpunkt 19.30 Uhr in Hamburg. An der Alster, N\u00e4he Krugkoppelbr\u00fccke<br \/>\n<strong>Reise 61051: \u00a0\u20ac 45 <\/strong>(incl. Sektumtrunk, Sicherheitslicht, Schwimmweste)<\/p>\n<hr \/>\n<p><strong>Bekau<\/strong>\u00a0<span style=\"font-family: arial, helvetica, sans-serif; font-size: 14pt;\">\u00a0<\/span><\/p>\n<p>Die Bekau, linker Nebenfluss der St\u00f6r, durchquert die Wilster Marsch und m\u00fcndet bei Bekm\u00fcnde (N\u00e4he Heiligenstedten) in die St\u00f6r, ca. 14 km, anfangs geringe Str\u00f6mung.<br \/>\nDiese Tour ist bei normalem Wasserstand f\u00fcr Anf\u00e4nger geeignet.<br \/>\nAuf dieser Tour gibt es die M\u00f6glichkeit zu Grillen. Bringt bitte Fleisch, Wurst, Salate etc. mit. Wir sorgen f\u00fcr Grill und Kohle!<br \/>\nTreffpunkt 1:\u00a0\u00a0 9.00 Uhr Parkplatz am S-Bahnhof Pinneberg<br \/>\nTreffpunkt 2: 10.00 Uhr bei Bekm\u00fcnde (N\u00e4he Itzehoe)<br \/>\n<strong>Reise 61095: \u00a0 \u00a0\u20ac 40<\/strong><br \/>\nBei Mitfahrt im VAN oder PKW ab Horst\/Pinneberg : \u20ac 50<\/p>\n<hr \/>\n<p><strong>B\u00f6hme<\/strong>\u00a0<span style=\"font-family: arial, helvetica, sans-serif; font-size: 14pt;\"><br \/>\n<\/span>Die B\u00f6hme z\u00e4hlt zu den sch\u00f6nsten Fl\u00fcssen in der L\u00fcneburger Heide. Der Fluss ist schmal\u00a0und flach. Er windet sich durch kleine W\u00e4lder und eine sch\u00f6ne Heide- \/ Wiesenlandschaft.<br \/>\nDiese Tour ist bei normalem Wasserstand f\u00fcr Anf\u00e4nger geeignet.<br \/>\nTreffpunkt 1:\u00a0\u00a0 9.00 Uhr Parkplatz am S-Bahnhof Pinneberg<br \/>\nTreffpunkt 2: 10.30 Uhr an der B\u00f6hme bei Dorfmark<br \/>\n<strong>Reise 61055 \u00a0 \u00a0\u20ac 40<br \/>\n<\/strong>Bei Mitfahrt im VAN oder PKW ab Horst\/Pinneberg: \u20ac 55<\/p>\n<hr \/>\n<p><strong>Bramau und Osterau\u00a0<\/strong>\u00a0 So 30.06.24 \/ Sa 10.08.24<br \/>\nDer erste Teil auf der Osterau ist flach, sehr kurvenreich und mit einigen fahrbaren Wehren\u00a0sehr reizvoll. Ab Bad Bramstedt, nach dem Zusammenfluss mit der Schmalfelder Au, hei\u00dft\u00a0der Fluss Bramau. Wir fahren von Bim\u00f6hlen bis Wrist, ca. 20 km.<br \/>\nDie Steuerfrau\/der Steuermann sollte \u00fcber Steuererfahrung verf\u00fcgen.<br \/>\nTreffpunkt 1:\u00a0\u00a0 9.00 Uhr Parkplatz am S-Bahnhof Pinneberg<br \/>\n<span style=\"font-family: arial, helvetica, sans-serif;\">Treffpunkt<\/span> 2: 10.00 Uhr in Bim\u00f6hlen an der Osterau<br \/>\n<strong>Reise 61088: \u00a0 \u00a0 \u20ac 40<\/strong><br \/>\nBei Mitfahrt im VAN oder PKW Horst\/ Pinneberg: \u20ac 50<\/p>\n<hr \/>\n<p><strong>Breitenburger Gew\u00e4sser<\/strong><br \/>\nDieser ehemalige Moorkanal f\u00fchrt uns durch eine zugewachsene, idyllische Moorlandschaft und\u00a0ist besonders f\u00fcr Anf\u00e4nger geeignet. Streckenl\u00e4nge ca. 12 km.<br \/>\nDiese Tour ist\u00a0 f\u00fcr Anf\u00e4nger geeignet.<br \/>\nTreffpunkt 1: 10.00 Uhr Parkplatz am S-Bahnhof Pinneberg<br \/>\nTreffpunkt 2: 11.00 Uhr bei Breitenburg \u2013N\u00e4heres nach Anmeldung-<br \/>\n<strong>Reise 61089: \u00a0\u20ac 40\u00a0<\/strong><br \/>\nBei Mitfahrt im VAN oder PKW ab Horst \/ Pinneberg \u20ac 50<\/p>\n<hr \/>\n<p><strong>Obere Eider<\/strong> \u00a0<span style=\"font-family: arial, helvetica, sans-serif; font-size: 14pt;\">\u00a0<\/span><strong><span style=\"font-family: arial, helvetica, sans-serif; font-size: 14pt;\">(N\u00e4he Kiel)\u00a0 \u00a0<\/span><span style=\"color: #800080; font-size: 18pt;\"><br \/>\n<\/span><\/strong>Die Eider durchquert in der N\u00e4he von Kiel eine reizvoll h\u00fcgelige Wiesen- und Waldlandschaft.\u00a0Wir fahren die obere Eider ab Flintbek auf ca. 24 km L\u00e4nge und durchqueren dabei den Westensee.<br \/>\nDie Steuerfrau\/der Steuermann sollte \u00fcber Steuererfahrung verf\u00fcgen.<br \/>\nTreffpunkt 1: \u00a08.30 Uhr Parkplatz am S-Bahnhof Pinneberg<br \/>\nTreffpunkt 2: 10.00 Uhr an der Eider in Achterwehr bei Kiel<br \/>\n<strong>Reise 61059: \u00a0\u20ac 40<\/strong><br \/>\nBei Mitfahrt im VAN oder\u00a0 PKW ab Horst\/\u00a0 Pinneberg \u20ac 55<\/p>\n<hr \/>\n<p><strong>Este<\/strong> <span style=\"font-family: arial, helvetica, sans-serif; font-size: 14pt;\">(bis Buxtehude)<\/span><br \/>\nDie Este \u00a0ist ein sch\u00f6ner, lieblicher, anfangs flacher und schmaler Heidefluss mit viel Waldbestand und teilweiser flotter Str\u00f6mung mit kleinen Staustufen. Wir fahren ca. 17 km von Hollenstedt bis Buxtehude.<br \/>\nDie Steuerfrau\/der Steuermann sollte \u00fcber Steuererfahrung verf\u00fcgen.<br \/>\nTreffpunkt 1:\u00a0\u00a0\u00a0 9.00\u00a0 Uhr Parkplatz am S-Bahnhof Pinneberg<br \/>\nTreffpunkt 2:\u00a0 10.00 \u00a0Uhr\u00a0 an der Este in Buxtehude)<br \/>\n<strong>Reise 61052: \u00a0 \u00a0 \u20ac 40<\/strong><br \/>\nBei Mitfahrt im VAN oder PKW ab Horst\/ Pinneberg \u20ac 50<\/p>\n<hr \/>\n<p><strong>F\u00fcsinger Au und Schlei\u00a0<\/strong><br \/>\nWir fahren die sch\u00f6ne, kurvenreiche F\u00fcsinger Au und ein kurzes St\u00fcck auf der Schlei\u00a0bei Schleswig, ca. 17 km durch eine abwechselungsreiche Geest- und Schilflandschaft.<br \/>\nDiese Tour ist bei normalem Wasserstand f\u00fcr Anf\u00e4nger geeignet.<br \/>\nTreffpunkt 1\u00a0\u00a0 8.30 Uhr Parkplatz S-Bahnhof Pinneberg<br \/>\nTreffpunkt 2 10.30 Uhr bei Schleswig \u2013n\u00e4heres folgt-<br \/>\n<strong>Reise \u00a061094: \u00a0 \u00a0\u20ac 40<\/strong><br \/>\nMitfahrt ab VAN oder PKW ab Horst\/Pinneberg\u00a0\u00a0\u00a0 \u20ac 55<\/p>\n<hr \/>\n<p><strong>Gose-Elbe und Dose-Elbe\u00a0<\/strong><br \/>\nSch\u00f6ner, abwechslungsreicher\u00a0 Rundkurs von ca. 19 km auf den alten Seitenarmen der \u00a0Elbe im Osten von Hamburg. Dabei durchqueren wir das Naturschutzgebiet Reit (zwischen Gose und Dove-Elbe)<br \/>\nDiese Tour ist bei normalem Wasserstand f\u00fcr Anf\u00e4nger geeignet. Bei Wind sollte Steuerfrau bzw. Steuermann \u00fcber Erfahrung verf\u00fcgen.<br \/>\nTreffpunkt 1.\u00a0 9.00 Uhr S-Bahnhof Pinneberg<br \/>\nTreffpunkt 2 10.00 Uhr Hamburg \u2013 Allerm\u00f6he<br \/>\n<strong>Reise 61053: \u00a0 \u00a0 \u00a0\u20ac 40<\/strong><br \/>\nBei Mitfahrt im VAN oder\u00a0 PKW ab Horst\/ Pinneberg \u20ac 50<\/p>\n<hr \/>\n<p><strong>Ilmenau<\/strong><br \/>\nDie Ilmenau flie\u00dft gleichm\u00e4\u00dfig durch eine Wiesenlandschaft mit kleinen W\u00e4ldern am Rande der L\u00fcneburger Heide. Wir fahren ca. 17 km von Bienenb\u00fcttel bis in die N\u00e4he von L\u00fcneburg.<br \/>\nAuf dieser Tour gibt es die M\u00f6glichkeit zu Grillen. Bringt bitte Fleisch, Wurst, Salate etc. mit. Wir sorgen f\u00fcr Grill und Kohle!<br \/>\nDiese Tour ist bei normalem Wasserstand f\u00fcr Anf\u00e4nger geeignet.<br \/>\nTreffpunkt 1:\u00a0\u00a0 9.00\u00a0 Uhr Parkplatz am S-Bahnhof Pinneberg<br \/>\nTreffpunkt 2:\u00a0 10.15 Uhr\u00a0 an der Ilmenau in Deutsch-Evern (s\u00fcdlich von L\u00fcneburg)<br \/>\n<strong>Reise 61054: \u00a0\u20ac 40<\/strong><br \/>\nBei Mitfahrt im VAN oder PKW ab Horst\/ Pinneberg : \u20ac 55<\/p>\n<hr \/>\n<p><strong>Kremper Au<\/strong><br \/>\nWir fahren auf der Kremper Au von Steinburg\u00a0 bis zum lieblichen \u00d6rtchen\u00a0 Borsfleth,\u00a0durch die Kremper Marsch und dem Ort Krempe, ca. 15 km durch eine Wiesenlandschaft.<br \/>\nDiese Tour ist bei normalem Wasserstand f\u00fcr Anf\u00e4nger geeignet.<br \/>\nTreffpunkt 1\u00a0\u00a0\u00a0 9.30 Uhr am S-Bahnhof Pinneberg<br \/>\nTreffpunkt 2\u00a0\u00a0 10.00 Uhr in \u00a0Steinburg (n\u00f6rdlich Elmshorn)<br \/>\n<strong>Reise 61090\u00a0 \u20ac 40<\/strong><br \/>\nBei Mitfahrt im VAN oder PKW ab Horst\u00a0 \u20ac 50<\/p>\n<hr \/>\n<p><strong>Luhe<\/strong><br \/>\nDie Luhe durchflie\u00dft die L\u00fcneburger Heide und ist ein flacher, kurvenreicher schmaler Bach mit einigen\u00a0Staustufen und teilweise flotter Str\u00f6mung. Wir fahren die Strecke von Luhm\u00fchlen bis Luhdorf, ca. 18 km.<br \/>\nDiese kurvenreiche Tour ist bei normalem Wasserstand f\u00fcr Anf\u00e4nger geeignet. Steuerfrau\/Steuermann sollte aufgrund der Staustufen \u00fcber Erfahrung verf\u00fcgen.<br \/>\nAuf dieser Tour gibt es die M\u00f6glichkeit zu Grillen. Bringt bitte Fleisch, Wurst, Salate etc. mit. Wir sorgen f\u00fcr Grill und Kohle!<br \/>\nTreffpunkt 1:\u00a0\u00a0 9.00\u00a0 Uhr Parkplatz am S-Bahnhof Pinneberg<br \/>\nTreffpunkt 2: 10.00 Uhr\u00a0\u00a0 Luhdorf, N\u00e4he Winsen\/Luhe<br \/>\n<strong>Reise 61057\u00a0\u00a0 \u20ac 40<\/strong><br \/>\nBei Mitfahrt im VAN oder PKW \u00a0ab Horst \/ Pinneberg.\u00a0\u00a0\u20ac 55<\/p>\n<hr \/>\n<p><strong>Pinnau<\/strong>\u00a0\u00a0<span style=\"font-family: arial, helvetica, sans-serif; font-size: 14pt;\">(Neuendeich) \/ So., 16.06.24<br \/>\n<\/span>Wir fahren den Wiesen- und Heimatfluss mit dem auflaufenden Hochwasser von der Drehbr\u00fccke\u00a0in Neuendeich \u00a0bis zur Pinneberger Innenstadt, ca. 16 km,<br \/>\nDiese Tour ist bei normalem Wasserstand f\u00fcr Anf\u00e4nger geeignet.<br \/>\nTreffpunkt: 9.30 Uhr am Parkplatz bei der Hochbr\u00fccke an der Pinnau in Pinneberg<br \/>\n<strong>Reise 61091\u00a0\u00a0\u00a0\u00a0\u20ac 40<\/strong><br \/>\nBei\u00a0 Mitfahrt im \u00a0VAN oder PKW Horst\u00a0 \u20ac\u00a0 50<\/p>\n<hr \/>\n<p><strong>Schwentine\/Holsteiner Seen<\/strong><br \/>\n<span style=\"font-family: arial, helvetica, sans-serif; font-size: 14pt;\">(Pl\u00f6n-Preetz-Schwentinetal)<br \/>\n<\/span>Die Schwentine entspringt bei Eutin und durchflie\u00dft die Holsteinischen Seen. Von Pl\u00f6n aus geht es\u00a0\u00fcber den kleinen Pl\u00f6ner See, den Flusslauf Schwentine, den Lankener See bei Preetz bis Raisdorf\u00a0ca. 19 km. Ein reizvoller Wechsel zwischen See- und Flussstrecke!<br \/>\nBei Wind sollte Steuerfrau\/Steuermann \u00fcber Erfahrung verf\u00fcgen.<br \/>\nTreffpunkt 1: \u00a08.30 Uhr Parkplatz am S-Bahnhof Pinneberg<br \/>\nTreffpunkt 2:\u00a0\u00a0 10.00 Uhr an dem kleinen Pl\u00f6ner See\u00a0 in Pl\u00f6n<br \/>\n<strong>Reise 61086\u00a0 \u20ac 40<\/strong><br \/>\nMitfahrt im VAN oder PKW\u00a0 ab Horst\u00a0 \u00a0 \u20ac 55<\/p>\n<hr \/>\n<p><strong>St\u00f6r<\/strong> (Oberlauf)\u00a0<span style=\"font-family: arial, helvetica, sans-serif; font-size: 14pt;\"><br \/>\n<\/span>Die flache, schmale St\u00f6r durchflie\u00dft den Naturpark Aukrug. Wir fahren diesen ruhigen Wiesenfluss\u00a0auf 14 km von Arpsdorf (bei Neum\u00fcnster) bis in die N\u00e4he von Kellinghusen.<br \/>\nAuf dieser Tour gibt es die M\u00f6glichkeit zu Grillen. Bringt bitte Fleisch, Wurst, Salate etc. mit. Wir sorgen f\u00fcr Grill und Kohle!<br \/>\nDiese Tour ist bei normalem Wasserstand f\u00fcr Anf\u00e4nger geeignet.<br \/>\nTreffpunkt 1:\u00a0\u00a0\u00a0\u00a0 9.00 Uhr Parkplatz am S-Bahnhof Pinneberg<br \/>\nTreffpunkt 2:\u00a0\u00a0 10.00 Uhr an der St\u00f6r \u2013 N\u00e4he Kellinghusen-<br \/>\n<strong>Reise 61084\u00a0\u00a0 \u20ac 40<\/strong><br \/>\nMitfahrt ab VAN oder PKW ab Horst\u00a0 \u00a0\u20ac 50<\/p>\n<hr \/>\n<p><strong>Treene\u00a0<\/strong> \u00a0\u00a0<span style=\"font-family: arial, helvetica, sans-serif; font-size: 14pt;\"><br \/>\n<\/span>Die Treene, Fluss unserer Vorfahren der Wikinger, ist ein sch\u00f6ner Wiesenfluss der sich\u00a0auf 18 km bis Traia (N\u00e4he Schleswig) dahinschl\u00e4ngelt.<br \/>\nDiese Tour ist bei normalem Wasserstand f\u00fcr Anf\u00e4nger geeignet.<br \/>\nTreffpunkt 1:\u00a0\u00a0 8.30 Uhr Parkplatz am S-Bahnhof Pinneberg<br \/>\nTreffpunkt 2:\u00a0\u00a0 10.15 Uhr an der Treene in Traia (N\u00e4he \u00a0Schleswig) \u00a0\u2013N\u00e4heres folgt-<br \/>\n<strong>Reise 61093\u00a0\u00a0 \u20ac 40<\/strong><br \/>\nMitfahrt im VAN oder\u00a0 PKW ab Horst\u00a0 \u20ac 55,<\/p>\n<hr \/>\n<p><strong>Obere Trave\u00a0<\/strong><br \/>\nDie Trave ist ein interessanter, flacher, schmaler Fluss, der sich durch Wiesen- und Waldgebiete schl\u00e4ngelt. Wir fahren ca. 16 km bei Bad Segeberg vom Wadersee bis H\u00f6gersdorf.<br \/>\nAuf dieser Tour gibt es die M\u00f6glichkeit zu Grillen. Bringt bitte Fleisch, Wurst, Salate etc. mit. Wir sorgen f\u00fcr Grill und Kohle!<br \/>\nDiese Tour ist bei normalem Wasserstand f\u00fcr Anf\u00e4nger geeignet.<br \/>\nTreffpunkt 1:\u00a0\u00a0\u00a0\u00a0 9.00 Uhr Parkplatz am S-Bahnhof Pinneberg<br \/>\nTreffpunkt 2:\u00a0\u00a0 10.15 Uhr \u00a0in H\u00f6gersdorf\u00a0 (bei Bad Segeberg)<br \/>\n\u2013N\u00e4heres folgt-<br \/>\n<strong>Reise 61094: \u00a0 \u00a0\u20ac 40<\/strong><br \/>\nMitfahrt im VAN oder\u00a0 PKW ab Horst\/ Pinneberg: \u00a0\u20ac 55<\/p>\n<p><strong>Warnow<\/strong> (bei Sternberg &#8211; Mecklenburg)<br \/>\nDie Warnow ist ein einmalig sch\u00f6ner Wald- u. Wiesenfluss \u00f6stlich von Schwerin. Wir erkunden den landschaftlich reizvollen Flusslauf mit seiner teilweisen flotten Str\u00f6mung durch den Warnow-Durchbruch (Steilufer, fahrbare Stromschnelle) auf ca. 20 km.<br \/>\nKategorie M<br \/>\nTreffpunkt 1: 8.00 Uhr Dammtor-Bahnhof, Moorweide<br \/>\nTreffpunkt 2 10.30 Uhr an der Warnow bei Sternberg<br \/>\n<strong>Reise 61083\u00a0 \u00a0\u20ac 40<\/strong><br \/>\nMitfahrt ab Hamburg &#8211; Dammtor \u20ac 55<\/p>\n<hr \/>\n<p><strong>Wilster Au\u00a0<\/strong> \u00a0<span style=\"font-family: arial, helvetica, sans-serif; font-size: 14pt;\"><br \/>\n<\/span><span style=\"font-family: arial, helvetica, sans-serif; font-size: 14pt;\">Dieser Nebenfluss der St\u00f6r kommt von Norden aus Richtung Nord-Ostsee-Kanal und windet sich auf 17 km durch ein ruhiges Wiesengebiet der Wilster Marsch.<\/span><br \/>\n<span style=\"font-family: arial, helvetica, sans-serif; font-size: 14pt;\">Diese Tour ist bei normalem Wasserstand f\u00fcr Anf\u00e4nger geeignet.<\/span><br \/>\n<span style=\"font-family: arial, helvetica, sans-serif; font-size: 14pt;\">Treffpunkt 1:\u00a0\u00a0 9.00 Uhr Parkplatz am S-Bahnhof Pinneberg<\/span><br \/>\n<span style=\"font-family: arial, helvetica, sans-serif; font-size: 14pt;\">Treffpunkt 2:\u00a0\u00a0 10.00 Uhr bei Wilster \u2013 N\u00e4heres folgt &#8211;<\/span><br \/>\n<span style=\"font-family: arial, helvetica, sans-serif; font-size: 14pt;\">Reise 61092: \u00a0 \u00a0\u20ac 40<\/span><br \/>\n<span style=\"font-family: arial, helvetica, sans-serif; font-size: 14pt;\">Mitfahrt im VAN oder\u00a0 PKW ab Horst\u00a0 \u00a0 \u20ac 50<\/span><\/p>\n<hr \/>\n<p>Sondertouren<\/p>\n<p>Betriebsausfl\u00fcge \/ Geburtstagsfeiern \/ Junggesellenabschiede u.v.m.<br \/>\nF\u00fcr Gruppen ab 12 Personen veranstalten wir Sondertouren, auch mit Grillservice, rustikalem Grillen und auf Wunsch auch mit Getr\u00e4nken<br \/>\nKanufluss, Streckenl\u00e4nge Anfangszeit nach Ihren W\u00fcnschen und Vorstellungen. Wir beraten Sie gerne.<\/p>\n","protected":false},"excerpt":{"rendered":"<p>&nbsp; fHinweis:\u00a0 \u00a0Termine zur Zeit auf Anfrage Link zur Termin\u00fcbersicht\u00a0Tagestouren \u00a0(Fl\u00fcsse in alphabetische Reihenfolge) Obere Alster\u00a0\u00a0 \u00a0 Dschungeltour ab Wulksfelde gem\u00fctliche Tour ab Duvenstedt \u00a0 \u00a0Dschungeltour ab Wulksfelde gem\u00fctliche Tour ab Duvenstedt Wir fahren ca.<\/p>\n","protected":false},"author":1,"featured_media":0,"parent":0,"menu_order":0,"comment_status":"closed","ping_status":"closed","template":"","meta":{"footnotes":""},"class_list":["post-558","page","type-page","status-publish","hentry"],"_links":{"self":[{"href":"http:\/\/www.ski-kanu-reisen.de\/index.php?rest_route=\/wp\/v2\/pages\/558","targetHints":{"allow":["GET"]}}],"collection":[{"href":"http:\/\/www.ski-kanu-reisen.de\/index.php?rest_route=\/wp\/v2\/pages"}],"about":[{"href":"http:\/\/www.ski-kanu-reisen.de\/index.php?rest_route=\/wp\/v2\/types\/page"}],"author":[{"embeddable":true,"href":"http:\/\/www.ski-kanu-reisen.de\/index.php?rest_route=\/wp\/v2\/users\/1"}],"replies":[{"embeddable":true,"href":"http:\/\/www.ski-kanu-reisen.de\/index.php?rest_route=%2Fwp%2Fv2%2Fcomments&post=558"}],"version-history":[{"count":40,"href":"http:\/\/www.ski-kanu-reisen.de\/index.php?rest_route=\/wp\/v2\/pages\/558\/revisions"}],"predecessor-version":[{"id":1074,"href":"http:\/\/www.ski-kanu-reisen.de\/index.php?rest_route=\/wp\/v2\/pages\/558\/revisions\/1074"}],"wp:attachment":[{"href":"http:\/\/www.ski-kanu-reisen.de\/index.php?rest_route=%2Fwp%2Fv2%2Fmedia&parent=558"}],"curies":[{"name":"wp","href":"https:\/\/api.w.org\/{rel}","templated":true}]}}