{"id":755,"date":"2019-12-01T10:36:53","date_gmt":"2019-12-01T08:36:53","guid":{"rendered":"http:\/\/www.ski-kanu-reisen.de\/?page_id=755"},"modified":"2025-06-10T10:27:38","modified_gmt":"2025-06-10T08:27:38","slug":"kanusafari-schweden","status":"publish","type":"page","link":"https:\/\/www.ski-kanu-reisen.de\/?page_id=755","title":{"rendered":"Kanusafari Schweden"},"content":{"rendered":"<table style=\"width: 100%; border-collapse: collapse;\">\n<tbody>\n<tr>\n<td style=\"width: 100%;\"><strong><em>gem\u00fctliche Kanusafari im \u201eKanuland\u201c zur Zeit der hellen\u00a0 Sommern\u00e4chte<\/em><\/strong><em>\u00a0 1<\/em><\/p>\n<p><strong>Dalsland\/ V\u00e4rmland <\/strong>Seen und Fl\u00fcsse\u00a0 <strong>17<em>.08 &#8211; 28.8.2025<\/em>\u00a0\u00a0\u00a0<span style=\"font-size: 10pt;\"><span style=\"font-size: 12pt;\"><strong>(<\/strong>12<\/span>\u00a0<span style=\"font-size: 12pt;\">Tage)\u00a0 \u00a0 \u00a0 \u00a0\u00a0<\/span><\/span><\/strong><\/td>\n<\/tr>\n<tr>\n<td style=\"width: 100%;\">N\u00f6rdlich von G\u00f6teborg, zwischen V\u00e4nnern-See und der Grenze nach Norwegen, liegt wohl das sch\u00f6nste Kanugebiet Schwedens, das zu Recht den Titel \u201eKanuland\u201c tr\u00e4gt. Liebliche kleine Seen, urspr\u00fcnglich nur durch kleine Flussl\u00e4ufe untereinander verbunden, wurden vor \u00fcber 150 Jahren durch kleine Schleusenanlagen schiffbar gemacht, die heute fast nur noch von Kanufahrern genutzt werden .<\/p>\n<p>Dieses Kanuland bietet dem Kanufahrer liebliche, sehr saubere Seen mit Sandstr\u00e4nden und Felsufern, \u00a0die zum Baden einladen, idyllische Lagerpl\u00e4tze, sch\u00f6ne Abende am Lagerfeuer, stimmungsvolle Sonnenunterg\u00e4nge und besonders die langen Tage zur Zeit nach Mitsommer in Schweden.<br \/>\n<strong>Einfach erlebenswert!<\/strong><\/td>\n<\/tr>\n<tr>\n<td style=\"width: 100%;\">\n<table style=\"width: 100%; border-collapse: collapse;\">\n<tbody>\n<tr>\n<td style=\"width: 33.33%;\"><img fetchpriority=\"high\" decoding=\"async\" class=\"alignnone wp-image-765\" src=\"http:\/\/www.ski-kanu-reisen.de\/wp-content\/uploads\/2019\/12\/Norden-2008-011-200x125.jpg\" alt=\"\" width=\"290\" height=\"218\" srcset=\"https:\/\/www.ski-kanu-reisen.de\/wp-content\/uploads\/2019\/12\/Norden-2008-011-300x225.jpg 300w, https:\/\/www.ski-kanu-reisen.de\/wp-content\/uploads\/2019\/12\/Norden-2008-011-440x330.jpg 440w, https:\/\/www.ski-kanu-reisen.de\/wp-content\/uploads\/2019\/12\/Norden-2008-011.jpg 640w\" sizes=\"(max-width: 290px) 100vw, 290px\" \/><\/td>\n<td style=\"width: 33.33%;\"><img decoding=\"async\" class=\"alignnone wp-image-768\" src=\"http:\/\/www.ski-kanu-reisen.de\/wp-content\/uploads\/2019\/12\/Kanutour-Schweden-28.7-7.8.08-099-200x125.jpg\" alt=\"\" width=\"290\" height=\"217\" \/><\/td>\n<td style=\"width: 33.33%;\"><img decoding=\"async\" class=\"alignnone wp-image-767\" src=\"http:\/\/www.ski-kanu-reisen.de\/wp-content\/uploads\/2019\/12\/Dalsland-08-040-200x125.jpg\" alt=\"\" width=\"290\" height=\"218\" srcset=\"https:\/\/www.ski-kanu-reisen.de\/wp-content\/uploads\/2019\/12\/Dalsland-08-040-300x225.jpg 300w, https:\/\/www.ski-kanu-reisen.de\/wp-content\/uploads\/2019\/12\/Dalsland-08-040-440x330.jpg 440w, https:\/\/www.ski-kanu-reisen.de\/wp-content\/uploads\/2019\/12\/Dalsland-08-040.jpg 640w\" sizes=\"(max-width: 290px) 100vw, 290px\" \/><\/td>\n<\/tr>\n<\/tbody>\n<\/table>\n<\/td>\n<\/tr>\n<tr>\n<td style=\"width: 100%;\">Wir starten bei unserer 80 km langen Kanustrecke nahe der norwegischen Grenze und \u00fcbernachten auf sch\u00f6nen Lagerpl\u00e4tzen direkt am Wasser. Die Strecke ist so geplant, dass wir zwei \u201epaddelfreien Tag\u201c einlegen, was bedeutet, dass wir das Zelt zwei N\u00e4chte am selben Ort stehen lassen.<\/td>\n<\/tr>\n<tr>\n<td style=\"width: 100%;\"><strong><u>Reisedaten<\/u><\/strong><strong><u>:<br \/>\n<\/u><\/strong>Hinfahrt:\u00a0 (So)\u00a0 17.08.25\u00a0 15.00 Uhr \u00a0ab HH-Dammtor\/ Pinneberg<br \/>\n18.08.\u00a0 \u2013 27.08.25 Kanutour Schweden<br \/>\nR\u00fcckfahrt (Mi) 27.08.25\u00a0 nachmittags ab Dalsland\/V\u00e4rmland<br \/>\n(Do)\u00a0 28.08.25\u00a0 vormittags an Hamburg-Dammtor\/ Pinneberg<br \/>\n<strong><u>Preis: \u20ac 1.490,00<br \/>\n<\/u>Preis: \u20ac 1.190,00<\/strong> bei eigener Anreise ins V\u00e4rmland<br \/>\n2-Personen-Iglu-Zelt.\u20ac 70,00<\/p>\n<table style=\"width: 100%; border-collapse: collapse;\">\n<tbody>\n<tr>\n<td style=\"width: 100%;\"><strong><u>Leistungen:<br \/>\n<\/u><\/strong>2er Wanderkanus mit Schwimmweste, Kanuwagen, wasserdichte Tonnen 20 + 50 l Rauminhalt, Vollverpflegung w\u00e4hrend der Kanutour, Fahrt ab Hamburg, F\u00e4hre mit Deckspassage, Schleusen- und Lagerplatzgeb\u00fchren, Strandstuhl,\u00a0 Einf\u00fchrung in das Kanufahren +\u00a0 ortskundige Kanuleitung, Tourvers Insolvenzschutzversicherung<\/td>\n<\/tr>\n<\/tbody>\n<\/table>\n<\/td>\n<\/tr>\n<tr>\n<td style=\"width: 100%;\">\n<table style=\"width: 100%; border-collapse: collapse;\">\n<tbody>\n<tr>\n<td style=\"width: 33.33%;\"><img loading=\"lazy\" decoding=\"async\" class=\"alignnone wp-image-766\" src=\"http:\/\/www.ski-kanu-reisen.de\/wp-content\/uploads\/2019\/12\/Norden-08-036-200x125.jpg\" alt=\"\" width=\"290\" height=\"387\" srcset=\"https:\/\/www.ski-kanu-reisen.de\/wp-content\/uploads\/2019\/12\/Norden-08-036-225x300.jpg 225w, https:\/\/www.ski-kanu-reisen.de\/wp-content\/uploads\/2019\/12\/Norden-08-036.jpg 360w\" sizes=\"(max-width: 290px) 100vw, 290px\" \/><\/td>\n<td style=\"width: 33.33%;\"><img loading=\"lazy\" decoding=\"async\" class=\"alignnone wp-image-772\" src=\"http:\/\/www.ski-kanu-reisen.de\/wp-content\/uploads\/2019\/12\/Schweden-Schilfdurchfahrt-200x125.jpg\" alt=\"\" width=\"290\" height=\"205\" srcset=\"https:\/\/www.ski-kanu-reisen.de\/wp-content\/uploads\/2019\/12\/Schweden-Schilfdurchfahrt-300x212.jpg 300w, https:\/\/www.ski-kanu-reisen.de\/wp-content\/uploads\/2019\/12\/Schweden-Schilfdurchfahrt-768x543.jpg 768w, https:\/\/www.ski-kanu-reisen.de\/wp-content\/uploads\/2019\/12\/Schweden-Schilfdurchfahrt.jpg 1002w\" sizes=\"(max-width: 290px) 100vw, 290px\" \/><\/td>\n<td style=\"width: 33.33%;\"><img loading=\"lazy\" decoding=\"async\" class=\"alignnone wp-image-776\" src=\"http:\/\/www.ski-kanu-reisen.de\/wp-content\/uploads\/2019\/12\/Lagerplatz-Abendessen-200x125.jpg\" alt=\"\" width=\"290\" height=\"218\" srcset=\"https:\/\/www.ski-kanu-reisen.de\/wp-content\/uploads\/2019\/12\/Lagerplatz-Abendessen-300x225.jpg 300w, https:\/\/www.ski-kanu-reisen.de\/wp-content\/uploads\/2019\/12\/Lagerplatz-Abendessen-768x576.jpg 768w, https:\/\/www.ski-kanu-reisen.de\/wp-content\/uploads\/2019\/12\/Lagerplatz-Abendessen-840x630.jpg 840w, https:\/\/www.ski-kanu-reisen.de\/wp-content\/uploads\/2019\/12\/Lagerplatz-Abendessen-440x330.jpg 440w, https:\/\/www.ski-kanu-reisen.de\/wp-content\/uploads\/2019\/12\/Lagerplatz-Abendessen.jpg 1024w\" sizes=\"(max-width: 290px) 100vw, 290px\" \/><\/td>\n<\/tr>\n<\/tbody>\n<\/table>\n<\/td>\n<\/tr>\n<\/tbody>\n<\/table>\n<p>&nbsp;<\/p>\n","protected":false},"excerpt":{"rendered":"<p>gem\u00fctliche Kanusafari im \u201eKanuland\u201c zur Zeit der hellen\u00a0 Sommern\u00e4chte\u00a0 1 Dalsland\/ V\u00e4rmland Seen und Fl\u00fcsse\u00a0 17.08 &#8211; 28.8.2025\u00a0\u00a0\u00a0(12\u00a0Tage)\u00a0 \u00a0 \u00a0 \u00a0\u00a0 N\u00f6rdlich von G\u00f6teborg, zwischen V\u00e4nnern-See und der Grenze nach Norwegen, liegt wohl das sch\u00f6nste<\/p>\n","protected":false},"author":1,"featured_media":0,"parent":0,"menu_order":0,"comment_status":"closed","ping_status":"closed","template":"","meta":{"footnotes":""},"class_list":["post-755","page","type-page","status-publish","hentry"],"_links":{"self":[{"href":"https:\/\/www.ski-kanu-reisen.de\/index.php?rest_route=\/wp\/v2\/pages\/755","targetHints":{"allow":["GET"]}}],"collection":[{"href":"https:\/\/www.ski-kanu-reisen.de\/index.php?rest_route=\/wp\/v2\/pages"}],"about":[{"href":"https:\/\/www.ski-kanu-reisen.de\/index.php?rest_route=\/wp\/v2\/types\/page"}],"author":[{"embeddable":true,"href":"https:\/\/www.ski-kanu-reisen.de\/index.php?rest_route=\/wp\/v2\/users\/1"}],"replies":[{"embeddable":true,"href":"https:\/\/www.ski-kanu-reisen.de\/index.php?rest_route=%2Fwp%2Fv2%2Fcomments&post=755"}],"version-history":[{"count":24,"href":"https:\/\/www.ski-kanu-reisen.de\/index.php?rest_route=\/wp\/v2\/pages\/755\/revisions"}],"predecessor-version":[{"id":1076,"href":"https:\/\/www.ski-kanu-reisen.de\/index.php?rest_route=\/wp\/v2\/pages\/755\/revisions\/1076"}],"wp:attachment":[{"href":"https:\/\/www.ski-kanu-reisen.de\/index.php?rest_route=%2Fwp%2Fv2%2Fmedia&parent=755"}],"curies":[{"name":"wp","href":"https:\/\/api.w.org\/{rel}","templated":true}]}}

<table style="width: 100%; border-collapse: collapse;">
<tbody>
<tr>
<td style="width: 100%;"><strong><em>gemütliche Kanusafari im „Kanuland“ zur Zeit der hellen  Sommernächte</em></strong><em>  1</em></p>
<p><strong>Dalsland/ Värmland </strong>Seen und Flüsse  <strong>17<em>.08 &#8211; 28.8.2025</em>   <span style="font-size: 10pt;"><span style="font-size: 12pt;"><strong>(</strong>12</span> <span style="font-size: 12pt;">Tage)        </span></span></strong></td>
</tr>
<tr>
<td style="width: 100%;">Nördlich von Göteborg, zwischen Vännern-See und der Grenze nach Norwegen, liegt wohl das schönste Kanugebiet Schwedens, das zu Recht den Titel „Kanuland“ trägt. Liebliche kleine Seen, ursprünglich nur durch kleine Flussläufe untereinander verbunden, wurden vor über 150 Jahren durch kleine Schleusenanlagen schiffbar gemacht, die heute fast nur noch von Kanufahrern genutzt werden .</p>
<p>Dieses Kanuland bietet dem Kanufahrer liebliche, sehr saubere Seen mit Sandstränden und Felsufern,  die zum Baden einladen, idyllische Lagerplätze, schöne Abende am Lagerfeuer, stimmungsvolle Sonnenuntergänge und besonders die langen Tage zur Zeit nach Mitsommer in Schweden.<br />
<strong>Einfach erlebenswert!</strong></td>
</tr>
<tr>
<td style="width: 100%;">
<table style="width: 100%; border-collapse: collapse;">
<tbody>
<tr>
<td style="width: 33.33%;"><img fetchpriority="high" decoding="async" class="alignnone wp-image-765" src="http://www.ski-kanu-reisen.de/wp-content/uploads/2019/12/Norden-2008-011-200x125.jpg" alt="" width="290" height="218" srcset="https://www.ski-kanu-reisen.de/wp-content/uploads/2019/12/Norden-2008-011-300x225.jpg 300w, https://www.ski-kanu-reisen.de/wp-content/uploads/2019/12/Norden-2008-011-440x330.jpg 440w, https://www.ski-kanu-reisen.de/wp-content/uploads/2019/12/Norden-2008-011.jpg 640w" sizes="(max-width: 290px) 100vw, 290px" /></td>
<td style="width: 33.33%;"><img decoding="async" class="alignnone wp-image-768" src="http://www.ski-kanu-reisen.de/wp-content/uploads/2019/12/Kanutour-Schweden-28.7-7.8.08-099-200x125.jpg" alt="" width="290" height="217" /></td>
<td style="width: 33.33%;"><img decoding="async" class="alignnone wp-image-767" src="http://www.ski-kanu-reisen.de/wp-content/uploads/2019/12/Dalsland-08-040-200x125.jpg" alt="" width="290" height="218" srcset="https://www.ski-kanu-reisen.de/wp-content/uploads/2019/12/Dalsland-08-040-300x225.jpg 300w, https://www.ski-kanu-reisen.de/wp-content/uploads/2019/12/Dalsland-08-040-440x330.jpg 440w, https://www.ski-kanu-reisen.de/wp-content/uploads/2019/12/Dalsland-08-040.jpg 640w" sizes="(max-width: 290px) 100vw, 290px" /></td>
</tr>
</tbody>
</table>
</td>
</tr>
<tr>
<td style="width: 100%;">Wir starten bei unserer 80 km langen Kanustrecke nahe der norwegischen Grenze und übernachten auf schönen Lagerplätzen direkt am Wasser. Die Strecke ist so geplant, dass wir zwei „paddelfreien Tag“ einlegen, was bedeutet, dass wir das Zelt zwei Nächte am selben Ort stehen lassen.</td>
</tr>
<tr>
<td style="width: 100%;"><strong><u>Reisedaten</u></strong><strong><u>:<br />
</u></strong>Hinfahrt:  (So)  17.08.25  15.00 Uhr  ab HH-Dammtor/ Pinneberg<br />
18.08.  – 27.08.25 Kanutour Schweden<br />
Rückfahrt (Mi) 27.08.25  nachmittags ab Dalsland/Värmland<br />
(Do)  28.08.25  vormittags an Hamburg-Dammtor/ Pinneberg<br />
<strong><u>Preis: € 1.490,00<br />
</u>Preis: € 1.190,00</strong> bei eigener Anreise ins Värmland<br />
2-Personen-Iglu-Zelt.€ 70,00</p>
<table style="width: 100%; border-collapse: collapse;">
<tbody>
<tr>
<td style="width: 100%;"><strong><u>Leistungen:<br />
</u></strong>2er Wanderkanus mit Schwimmweste, Kanuwagen, wasserdichte Tonnen 20 + 50 l Rauminhalt, Vollverpflegung während der Kanutour, Fahrt ab Hamburg, Fähre mit Deckspassage, Schleusen- und Lagerplatzgebühren, Strandstuhl,  Einführung in das Kanufahren +  ortskundige Kanuleitung, Tourvers Insolvenzschutzversicherung</td>
</tr>
</tbody>
</table>
</td>
</tr>
<tr>
<td style="width: 100%;">
<table style="width: 100%; border-collapse: collapse;">
<tbody>
<tr>
<td style="width: 33.33%;"><img loading="lazy" decoding="async" class="alignnone wp-image-766" src="http://www.ski-kanu-reisen.de/wp-content/uploads/2019/12/Norden-08-036-200x125.jpg" alt="" width="290" height="387" srcset="https://www.ski-kanu-reisen.de/wp-content/uploads/2019/12/Norden-08-036-225x300.jpg 225w, https://www.ski-kanu-reisen.de/wp-content/uploads/2019/12/Norden-08-036.jpg 360w" sizes="(max-width: 290px) 100vw, 290px" /></td>
<td style="width: 33.33%;"><img loading="lazy" decoding="async" class="alignnone wp-image-772" src="http://www.ski-kanu-reisen.de/wp-content/uploads/2019/12/Schweden-Schilfdurchfahrt-200x125.jpg" alt="" width="290" height="205" srcset="https://www.ski-kanu-reisen.de/wp-content/uploads/2019/12/Schweden-Schilfdurchfahrt-300x212.jpg 300w, https://www.ski-kanu-reisen.de/wp-content/uploads/2019/12/Schweden-Schilfdurchfahrt-768x543.jpg 768w, https://www.ski-kanu-reisen.de/wp-content/uploads/2019/12/Schweden-Schilfdurchfahrt.jpg 1002w" sizes="(max-width: 290px) 100vw, 290px" /></td>
<td style="width: 33.33%;"><img loading="lazy" decoding="async" class="alignnone wp-image-776" src="http://www.ski-kanu-reisen.de/wp-content/uploads/2019/12/Lagerplatz-Abendessen-200x125.jpg" alt="" width="290" height="218" srcset="https://www.ski-kanu-reisen.de/wp-content/uploads/2019/12/Lagerplatz-Abendessen-300x225.jpg 300w, https://www.ski-kanu-reisen.de/wp-content/uploads/2019/12/Lagerplatz-Abendessen-768x576.jpg 768w, https://www.ski-kanu-reisen.de/wp-content/uploads/2019/12/Lagerplatz-Abendessen-840x630.jpg 840w, https://www.ski-kanu-reisen.de/wp-content/uploads/2019/12/Lagerplatz-Abendessen-440x330.jpg 440w, https://www.ski-kanu-reisen.de/wp-content/uploads/2019/12/Lagerplatz-Abendessen.jpg 1024w" sizes="(max-width: 290px) 100vw, 290px" /></td>
</tr>
</tbody>
</table>
</td>
</tr>
</tbody>
</table>
<p>&nbsp;</p>

<p>gemütliche Kanusafari im „Kanuland“ zur Zeit der hellen  Sommernächte  1 Dalsland/ Värmland Seen und Flüsse  17.08 &#8211; 28.8.2025   (12 Tage)         Nördlich von Göteborg, zwischen Vännern-See und der Grenze nach Norwegen, liegt wohl das schönste</p>
